{"id":3796,"date":"2023-04-15T15:12:12","date_gmt":"2023-04-15T15:12:12","guid":{"rendered":"https:\/\/cedecur.org\/web\/?post_type=product&#038;p=3796"},"modified":"2023-04-15T20:48:29","modified_gmt":"2023-04-15T20:48:29","slug":"apadrina-un-joven","status":"publish","type":"product","link":"https:\/\/cedecur.org\/web\/producto\/apadrina-un-joven\/","title":{"rendered":"Apadrina un joven"},"content":{"rendered":"<div class=\"fusion-title title fusion-title-5 fusion-sep-none fusion-title-center fusion-title-text fusion-title-size-paragraph\">\n<h3 class=\"p1\" style=\"text-align: left;\"><strong>\u00a1Varias manos pueden sostener el mundo!<\/strong><\/h3>\n<p style=\"text-align: left;\">Por m\u00e1s de 10 a\u00f1os, Cedecur ha apoyado mediante la formaci\u00f3n para el trabajo a j\u00f3venes entre los 18 y 24 a\u00f1os de comunidades vulnerables. Gracias a este programa, hemos logrado un 92% de inclusi\u00f3n laboral, mejorando su calidad de vida. Con tu donaci\u00f3n contribuyes para la formaci\u00f3n en mec\u00e1nica de motos, un kit de protecci\u00f3n personal, auxilio de transporte y acompa\u00f1amiento psicosocial continuo.<\/p>\n<\/div>\n","protected":false},"excerpt":{"rendered":"<h3>Apadrina un joven<\/h3>\n<p style=\"text-align: left;\">Durante los \u00faltimos 10 a\u00f1os, mediante este programa hemos apoyado a 430 entre los 18 y 24 a\u00f1os en la formaci\u00f3n en mec\u00e1nica de motos y empleabilidad en su oficio.<\/p>\n<h3 style=\"text-align: left;\"><strong>Si quieres ser parte del cambio,<br \/>\nte brindamos las siguientes opciones:<\/strong><\/h3>\n","protected":false},"featured_media":3535,"comment_status":"open","ping_status":"closed","template":"","meta":[],"product_brand":[],"product_cat":[34],"product_tag":[],"class_list":{"0":"post-3796","1":"product","2":"type-product","3":"status-publish","4":"has-post-thumbnail","6":"product_cat-sin-categorizar","8":"first","9":"instock","10":"shipping-taxable","11":"purchasable","12":"product-type-variable"},"yoast_head":"<!-- This site is optimized with the Yoast SEO plugin v27.0 - https:\/\/yoast.com\/product\/yoast-seo-wordpress\/ -->\n<title>Apadrina un joven | Cedecur<\/title>\n<meta name=\"description\" content=\"Durante los \u00faltimos 10 a\u00f1os, mediante este programa hemos apoyado a 430 entre los 18 y 24 a\u00f1os en la formaci\u00f3n en mec\u00e1nica de motos y empleabilidad en su oficio.\" \/>\n<meta name=\"robots\" content=\"index, follow, max-snippet:-1, max-image-preview:large, max-video-preview:-1\" \/>\n<link rel=\"canonical\" href=\"https:\/\/cedecur.org\/web\/producto\/apadrina-un-joven\/\" \/>\n<meta property=\"og:locale\" content=\"es_ES\" \/>\n<meta property=\"og:type\" content=\"article\" \/>\n<meta property=\"og:title\" content=\"Apadrina un joven | Cedecur\" \/>\n<meta property=\"og:description\" content=\"Durante los \u00faltimos 10 a\u00f1os, mediante este programa hemos apoyado a 430 entre los 18 y 24 a\u00f1os en la formaci\u00f3n en mec\u00e1nica de motos y empleabilidad en su oficio.\" \/>\n<meta property=\"og:url\" content=\"https:\/\/cedecur.org\/web\/producto\/apadrina-un-joven\/\" \/>\n<meta property=\"og:site_name\" content=\"Cedecur\" \/>\n<meta property=\"article:modified_time\" content=\"2023-04-15T20:48:29+00:00\" \/>\n<meta property=\"og:image\" content=\"https:\/\/cedecur.org\/web\/wp-content\/uploads\/2023\/04\/Cedecur_20.webp\" \/>\n\t<meta property=\"og:image:width\" content=\"1920\" \/>\n\t<meta property=\"og:image:height\" content=\"1280\" \/>\n\t<meta property=\"og:image:type\" content=\"image\/webp\" \/>\n<meta name=\"twitter:card\" content=\"summary_large_image\" \/>\n<meta name=\"twitter:label1\" content=\"Tiempo de lectura\" \/>\n\t<meta name=\"twitter:data1\" content=\"1 minuto\" \/>\n<script type=\"application\/ld+json\" class=\"yoast-schema-graph\">{\"@context\":\"https:\/\/schema.org\",\"@graph\":[{\"@type\":\"WebPage\",\"@id\":\"https:\/\/cedecur.org\/web\/producto\/apadrina-un-joven\/\",\"url\":\"https:\/\/cedecur.org\/web\/producto\/apadrina-un-joven\/\",\"name\":\"Apadrina un joven | Cedecur\",\"isPartOf\":{\"@id\":\"https:\/\/cedecur.org\/web\/#website\"},\"primaryImageOfPage\":{\"@id\":\"https:\/\/cedecur.org\/web\/producto\/apadrina-un-joven\/#primaryimage\"},\"image\":{\"@id\":\"https:\/\/cedecur.org\/web\/producto\/apadrina-un-joven\/#primaryimage\"},\"thumbnailUrl\":\"https:\/\/cedecur.org\/web\/wp-content\/uploads\/2023\/04\/Cedecur_20.webp\",\"datePublished\":\"2023-04-15T15:12:12+00:00\",\"dateModified\":\"2023-04-15T20:48:29+00:00\",\"description\":\"Durante los \u00faltimos 10 a\u00f1os, mediante este programa hemos apoyado a 430 entre los 18 y 24 a\u00f1os en la formaci\u00f3n en mec\u00e1nica de motos y empleabilidad en su oficio.\",\"breadcrumb\":{\"@id\":\"https:\/\/cedecur.org\/web\/producto\/apadrina-un-joven\/#breadcrumb\"},\"inLanguage\":\"es\",\"potentialAction\":[{\"@type\":\"ReadAction\",\"target\":[\"https:\/\/cedecur.org\/web\/producto\/apadrina-un-joven\/\"]}]},{\"@type\":\"ImageObject\",\"inLanguage\":\"es\",\"@id\":\"https:\/\/cedecur.org\/web\/producto\/apadrina-un-joven\/#primaryimage\",\"url\":\"https:\/\/cedecur.org\/web\/wp-content\/uploads\/2023\/04\/Cedecur_20.webp\",\"contentUrl\":\"https:\/\/cedecur.org\/web\/wp-content\/uploads\/2023\/04\/Cedecur_20.webp\",\"width\":1920,\"height\":1280,\"caption\":\"cedecur\"},{\"@type\":\"BreadcrumbList\",\"@id\":\"https:\/\/cedecur.org\/web\/producto\/apadrina-un-joven\/#breadcrumb\",\"itemListElement\":[{\"@type\":\"ListItem\",\"position\":1,\"name\":\"Portada\",\"item\":\"https:\/\/cedecur.org\/web\/\"},{\"@type\":\"ListItem\",\"position\":2,\"name\":\"Tienda\",\"item\":\"https:\/\/cedecur.org\/web\/tienda\/\"},{\"@type\":\"ListItem\",\"position\":3,\"name\":\"Apadrina un joven\"}]},{\"@type\":\"WebSite\",\"@id\":\"https:\/\/cedecur.org\/web\/#website\",\"url\":\"https:\/\/cedecur.org\/web\/\",\"name\":\"Cedecur\",\"description\":\"Contribuyendo al desarrollo integral con equidad de las comunidades\",\"potentialAction\":[{\"@type\":\"SearchAction\",\"target\":{\"@type\":\"EntryPoint\",\"urlTemplate\":\"https:\/\/cedecur.org\/web\/?s={search_term_string}\"},\"query-input\":{\"@type\":\"PropertyValueSpecification\",\"valueRequired\":true,\"valueName\":\"search_term_string\"}}],\"inLanguage\":\"es\"}]}<\/script>\n<!-- \/ Yoast SEO plugin. -->","yoast_head_json":{"title":"Apadrina un joven | Cedecur","description":"Durante los \u00faltimos 10 a\u00f1os, mediante este programa hemos apoyado a 430 entre los 18 y 24 a\u00f1os en la formaci\u00f3n en mec\u00e1nica de motos y empleabilidad en su oficio.","robots":{"index":"index","follow":"follow","max-snippet":"max-snippet:-1","max-image-preview":"max-image-preview:large","max-video-preview":"max-video-preview:-1"},"canonical":"https:\/\/cedecur.org\/web\/producto\/apadrina-un-joven\/","og_locale":"es_ES","og_type":"article","og_title":"Apadrina un joven | Cedecur","og_description":"Durante los \u00faltimos 10 a\u00f1os, mediante este programa hemos apoyado a 430 entre los 18 y 24 a\u00f1os en la formaci\u00f3n en mec\u00e1nica de motos y empleabilidad en su oficio.","og_url":"https:\/\/cedecur.org\/web\/producto\/apadrina-un-joven\/","og_site_name":"Cedecur","article_modified_time":"2023-04-15T20:48:29+00:00","og_image":[{"width":1920,"height":1280,"url":"https:\/\/cedecur.org\/web\/wp-content\/uploads\/2023\/04\/Cedecur_20.webp","type":"image\/webp"}],"twitter_card":"summary_large_image","twitter_misc":{"Tiempo de lectura":"1 minuto"},"schema":{"@context":"https:\/\/schema.org","@graph":[{"@type":"WebPage","@id":"https:\/\/cedecur.org\/web\/producto\/apadrina-un-joven\/","url":"https:\/\/cedecur.org\/web\/producto\/apadrina-un-joven\/","name":"Apadrina un joven | Cedecur","isPartOf":{"@id":"https:\/\/cedecur.org\/web\/#website"},"primaryImageOfPage":{"@id":"https:\/\/cedecur.org\/web\/producto\/apadrina-un-joven\/#primaryimage"},"image":{"@id":"https:\/\/cedecur.org\/web\/producto\/apadrina-un-joven\/#primaryimage"},"thumbnailUrl":"https:\/\/cedecur.org\/web\/wp-content\/uploads\/2023\/04\/Cedecur_20.webp","datePublished":"2023-04-15T15:12:12+00:00","dateModified":"2023-04-15T20:48:29+00:00","description":"Durante los \u00faltimos 10 a\u00f1os, mediante este programa hemos apoyado a 430 entre los 18 y 24 a\u00f1os en la formaci\u00f3n en mec\u00e1nica de motos y empleabilidad en su oficio.","breadcrumb":{"@id":"https:\/\/cedecur.org\/web\/producto\/apadrina-un-joven\/#breadcrumb"},"inLanguage":"es","potentialAction":[{"@type":"ReadAction","target":["https:\/\/cedecur.org\/web\/producto\/apadrina-un-joven\/"]}]},{"@type":"ImageObject","inLanguage":"es","@id":"https:\/\/cedecur.org\/web\/producto\/apadrina-un-joven\/#primaryimage","url":"https:\/\/cedecur.org\/web\/wp-content\/uploads\/2023\/04\/Cedecur_20.webp","contentUrl":"https:\/\/cedecur.org\/web\/wp-content\/uploads\/2023\/04\/Cedecur_20.webp","width":1920,"height":1280,"caption":"cedecur"},{"@type":"BreadcrumbList","@id":"https:\/\/cedecur.org\/web\/producto\/apadrina-un-joven\/#breadcrumb","itemListElement":[{"@type":"ListItem","position":1,"name":"Portada","item":"https:\/\/cedecur.org\/web\/"},{"@type":"ListItem","position":2,"name":"Tienda","item":"https:\/\/cedecur.org\/web\/tienda\/"},{"@type":"ListItem","position":3,"name":"Apadrina un joven"}]},{"@type":"WebSite","@id":"https:\/\/cedecur.org\/web\/#website","url":"https:\/\/cedecur.org\/web\/","name":"Cedecur","description":"Contribuyendo al desarrollo integral con equidad de las comunidades","potentialAction":[{"@type":"SearchAction","target":{"@type":"EntryPoint","urlTemplate":"https:\/\/cedecur.org\/web\/?s={search_term_string}"},"query-input":{"@type":"PropertyValueSpecification","valueRequired":true,"valueName":"search_term_string"}}],"inLanguage":"es"}]}},"_links":{"self":[{"href":"https:\/\/cedecur.org\/web\/wp-json\/wp\/v2\/product\/3796","targetHints":{"allow":["GET"]}}],"collection":[{"href":"https:\/\/cedecur.org\/web\/wp-json\/wp\/v2\/product"}],"about":[{"href":"https:\/\/cedecur.org\/web\/wp-json\/wp\/v2\/types\/product"}],"replies":[{"embeddable":true,"href":"https:\/\/cedecur.org\/web\/wp-json\/wp\/v2\/comments?post=3796"}],"wp:featuredmedia":[{"embeddable":true,"href":"https:\/\/cedecur.org\/web\/wp-json\/wp\/v2\/media\/3535"}],"wp:attachment":[{"href":"https:\/\/cedecur.org\/web\/wp-json\/wp\/v2\/media?parent=3796"}],"wp:term":[{"taxonomy":"product_brand","embeddable":true,"href":"https:\/\/cedecur.org\/web\/wp-json\/wp\/v2\/product_brand?post=3796"},{"taxonomy":"product_cat","embeddable":true,"href":"https:\/\/cedecur.org\/web\/wp-json\/wp\/v2\/product_cat?post=3796"},{"taxonomy":"product_tag","embeddable":true,"href":"https:\/\/cedecur.org\/web\/wp-json\/wp\/v2\/product_tag?post=3796"}],"curies":[{"name":"wp","href":"https:\/\/api.w.org\/{rel}","templated":true}]}}